 factor of 2670 and 296052?
6
Calculate the highest common divisor of 459998 and 22968.
638
What is the greatest common divisor of 118780 and 320?
20
Calculate the highest common factor of 750 and 10431250.
250
Calculate the greatest common divisor of 5368 and 21980984.
488
Calculate the greatest common factor of 1002432 and 229632.
4416
Calculate the highest common divisor of 3940 and 84490.
10
What is the greatest common divisor of 310734 and 23363?
61
What is the greatest common factor of 142066 and 499992?
502
Calculate the highest common factor of 31436337 and 1461.
1461
Calculate the highest common divisor of 1287 and 1721291.
143
What is the greatest common divisor of 551936 and 3234?
1078
Calculate the greatest common factor of 1906561710 and 12105.
12105
What is the highest common divisor of 135624795 and 333?
111
What is the greatest common factor of 38559700 and 1300?
100
What is the highest common divisor of 632 and 7265077?
79
What is the greatest common divisor of 177742 and 854320?
362
Calculate the highest common divisor of 4635632 and 848.
16
What is the greatest common divisor of 21068 and 241595?
229
What is the highest common divisor of 2007 and 2975043?
669
Calculate the highest common divisor of 1835307 and 8235.
549
What is the highest common factor of 240255 and 23655?
285
What is the highest common factor of 15148 and 88805150?
7574
Calculate the highest common divisor of 3633 and 88378953.
519
What is the greatest common divisor of 214634 and 5026?
14
Calculate the highest common divisor of 2165 and 146395135.
2165
What is the greatest common divisor of 7992 and 16028388?
108
Calculate the greatest common divisor of 1624748 and 4428.
164
Calculate the greatest common divisor of 2654 and 199.
1
Calculate the highest common factor of 551321370 and 27.
27
What is the highest common divisor of 192 and 67341816?
24
Calculate the greatest common divisor of 150766 and 15771.
7
Calculate the greatest common divisor of 3654 and 32754630.
174
What is the highest common factor of 198 and 283773897?
99
Calculate the greatest common divisor of 1485854 and 14921.
347
What is the greatest common divisor of 50960 and 190645?
455
Calculate the greatest common factor of 1112220 and 2299032.
1332
What is the highest common factor of 29992 and 327745078?
7498
Calculate the greatest common divisor of 168 and 33589528.
56
What is the highest common divisor of 86199 and 45135?
177
Calculate the greatest common factor of 8780 and 1565.
5
What is the greatest common factor of 11 and 114934864?
11
What is the highest common factor of 3234198 and 59070?
66
What is the highest common divisor of 120099 and 1453701?
129
What is the greatest common divisor of 10830 and 9407660?
3610
Calculate the highest common factor of 117998 and 46494.
82
What is the greatest common factor of 220440 and 993960?
1320
Calculate the highest common factor of 2925 and 7908975.
225
What is the highest common factor of 6775 and 50675?
25
What is the highest common divisor of 50268 and 340784?
236
Calculate the highest common divisor of 9341892 and 189.
189
What is the greatest common divisor of 30 and 1670762370?
30
Calculate the highest common divisor of 861 and 5781.
123
Calculate the greatest common divisor of 33423282 and 1476.
738
Calculate the highest common factor of 16120 and 2646320.
40
What is the greatest common factor of 57627552 and 96?
96
Calculate the highest common divisor of 1010800 and 11590.
190
Calculate the highest common divisor of 1351966 and 294.
14
What is the greatest common divisor of 2268208 and 1612?
124
What is the highest common divisor of 2244 and 3209844?
132
What is the greatest common divisor of 1266 and 82712?
422
What is the greatest common factor of 10934 and 68253152?
1562
Calculate the greatest common factor of 308721012 and 12.
12
What is the greatest common factor of 48438 and 109503?
207
Calculate the highest common divisor of 6622 and 54362.
154
What is the highest common divisor of 53185 and 96632310?
4835
What is the greatest common factor of 896 and 83211632?
112
Calculate the highest common divisor of 1052334 and 16507.
17
Calculate the highest common factor of 21022 and 1296509.
457
Calculate the highest common divisor of 162 and 235432332.
162
What is the greatest common divisor of 45 and 30672315?
45
Calculate the highest common divisor of 944633976 and 14652.
4884
What is the greatest common factor of 10902 and 418542?
474
What is the highest common divisor of 152 and 33101876?
76
Calculate the greatest common factor of 58611936 and 168.
24
Calculate the greatest common factor of 1313 and 3366229.
101
Calculate the highest common divisor of 8755111 and 897.
23
Calculate the greatest common divisor of 37695328 and 64.
32
What is the highest common factor of 80850 and 20504?
22
What is the greatest common factor of 102 and 37804821?
51
Calculate the highest common factor of 187638 and 330.
66
Calculate the highest common factor of 172690 and 31010.
70
Calculate the highest common factor of 459 and 2154627.
27
Calculate the greatest common divisor of 403 and 4075756.
31
Calculate the greatest common divisor of 274090319 and 1031.
1031
What is the greatest common factor of 487 and 536896559?
487
What is the greatest common factor of 100339833 and 1353?
1353
What is the greatest common divisor of 86156272 and 111962?
3026
What is the highest common divisor of 40 and 5384740?
20
What is the highest common factor of 1658128 and 104656?
496
Calculate the greatest common factor of 98461 and 13233.
11
What is the greatest common divisor of 15851 and 31974349?
1441
Calculate the highest common divisor of 98 and 2672589262.
98
What is the highest common divisor of 476 and 303592240?
28
What is the greatest common factor of 39051256 and 40?
8
What is the highest common factor of 1289922 and 114?
6
What is the greatest common divisor of 68186 and 1087474?
206
What is the highest common divisor of 180206698 and 476?
238
What is the greatest common factor of 17127 and 370458?
99
What is the highest common factor of 647032438 and 1118?
1118
Calculate the greatest common divisor of 5185 and 52235215.
305
What is the highest common divisor of 65 and 46773935?
65
Calculate the greatest common factor of 5679528 and 60.
12
What is the greatest common divisor of 24474986 and 5738?
302
Calculate the highest common factor of 1287 and 4500925.
143
Calculate the greatest common factor of 229556286 and 3654.
522
What is the greatest common divisor of 860 and 28250570?
430
What is the greatest common factor of 10528 and 112612?
188
Calculate the greatest common divisor of 507762 and 36666.
54
Calculate the greatest common factor of 2156 and 2110372.
44
Calculate the greatest common divisor of 235 and 55235.
5
Calculate the greatest common divisor of 59110 and 4936456.
514
What is the greatest common factor of 47506 and 7822?
2
What is the greatest common factor of 959 and 130271519?
959
Calculate the greatest common factor of 4753 and 462854.
49
What is the highest common factor of 436 and 285292676?
436
What is the highest common factor of 521 and 14101907?
521
What is the greatest common divisor of 2432 and 172121?
19
What is the greatest common divisor of 45640 and 865856?
1304
What is the highest common divisor of 8 and 18773688?
8
What is the greatest common divisor of 92 and 24416662?
46
Calculate the greatest common divisor of 6175 and 182975.
325
Calculate the greatest common divisor of 1821 and 4497.
3
Calculate the highest common divisor of 12851583 and 39.
3
What is the greatest common divisor of 275359 and 664142?
139
Calculate the greatest common divisor of 27789300 and 1800.
900
Calculate the greatest common divisor of 101974000 and 15.
5
Calculate the greatest common divisor of 881828 and 354568.
164
What is the highest common divisor of 460 and 19091564?
92
What is the greatest common divisor of 1178912 and 3008?
32
What is the greatest common factor of 2731396 and 184012?
1028
Calculate the greatest common factor of 3238837 and 3197.
23
What is the highest common factor of 1449 and 347823?
63
Calculate the greatest common factor of 1563274 and 96.
2
Calculate the greatest common divisor of 4477990 and 33.
11
What is the grea